{"id":744,"date":"2026-02-17T18:59:51","date_gmt":"2026-02-17T17:59:51","guid":{"rendered":"https:\/\/archersdessources.com\/?page_id=744"},"modified":"2026-03-15T14:12:40","modified_gmt":"2026-03-15T13:12:40","slug":"nos-concours","status":"publish","type":"page","link":"https:\/\/archersdessources.com\/index.php\/nos-concours\/","title":{"rendered":"Nos concours"},"content":{"rendered":"\n<p class=\"has-text-align-center\">Nous venons par ce message vous informer que nous ne ferons pas le tir campagne fin mars 2026.<br>L\u2019\u00e9quipe dirigeante cherche une solution pour vous proposer \u00e0 nouveau ce format pour l\u2019ann\u00e9e 2027.<br>Pour cette ann\u00e9e, il n\u2019\u00e9tait pas possible de l\u2019organiser dans de bonnes conditions que ce soit pour l\u2019\u00e9quipe logistique (nos b\u00e9n\u00e9voles) ou pour le plaisir des archers.<br>Nous prenons donc la d\u00e9cision d\u2019annuler le tir qui \u00e9tait au calendrier<br>Nous vous souhaitons une belle saison ext\u00e9rieure et de bons tirs \u00e0 tous.<\/p>\n\n\n\n<figure class=\"wp-block-image aligncenter is-resized\"><img decoding=\"async\" src=\"https:\/\/s.w.org\/images\/core\/emoji\/17.0.2\/svg\/1f3f9.svg\" alt=\"\ud83c\udff9\" style=\"width:102px;height:auto\"\/><\/figure>\n","protected":false},"excerpt":{"rendered":"<p>Nous venons par ce message vous informer que nous ne ferons pas le tir campagne fin mars 2026.L\u2019\u00e9quipe dirigeante cherche une solution pour vous proposer \u00e0 nouveau ce format pour &hellip; <\/p>\n<p class=\"link-more\"><a href=\"https:\/\/archersdessources.com\/index.php\/nos-concours\/\" class=\"more-link\">Lire la suite de<span class=\"screen-reader-text\">\u00ab\u00a0Nos concours\u00a0\u00bb<\/span><\/a><\/p>\n","protected":false},"author":2,"featured_media":0,"parent":0,"menu_order":0,"comment_status":"closed","ping_status":"closed","template":"","meta":{"footnotes":""},"class_list":["post-744","page","type-page","status-publish","hentry"],"_links":{"self":[{"href":"https:\/\/archersdessources.com\/index.php\/wp-json\/wp\/v2\/pages\/744","targetHints":{"allow":["GET"]}}],"collection":[{"href":"https:\/\/archersdessources.com\/index.php\/wp-json\/wp\/v2\/pages"}],"about":[{"href":"https:\/\/archersdessources.com\/index.php\/wp-json\/wp\/v2\/types\/page"}],"author":[{"embeddable":true,"href":"https:\/\/archersdessources.com\/index.php\/wp-json\/wp\/v2\/users\/2"}],"replies":[{"embeddable":true,"href":"https:\/\/archersdessources.com\/index.php\/wp-json\/wp\/v2\/comments?post=744"}],"version-history":[{"count":4,"href":"https:\/\/archersdessources.com\/index.php\/wp-json\/wp\/v2\/pages\/744\/revisions"}],"predecessor-version":[{"id":878,"href":"https:\/\/archersdessources.com\/index.php\/wp-json\/wp\/v2\/pages\/744\/revisions\/878"}],"wp:attachment":[{"href":"https:\/\/archersdessources.com\/index.php\/wp-json\/wp\/v2\/media?parent=744"}],"curies":[{"name":"wp","href":"https:\/\/api.w.org\/{rel}","templated":true}]}}